{"id":15,"date":"2018-12-07T10:10:27","date_gmt":"2018-12-07T09:10:27","guid":{"rendered":"http:\/\/www.cousimbertical.ch\/?page_id=15"},"modified":"2025-09-01T07:35:47","modified_gmt":"2025-09-01T05:35:47","slug":"course","status":"publish","type":"page","link":"https:\/\/www.cousimbertical.ch\/","title":{"rendered":"course"},"content":{"rendered":"\r\n<p>La Cousimbert\u2019ical est LA course \u00e0 pied verticale sur les flancs du Cousimbert (sommet des Pr\u00e9alpes fribourgeoises).<\/p>\r\n\r\n\r\n\r\n<p>Son nom a \u00e9t\u00e9 donn\u00e9 par Edmond Kolly et Philippe Schuwey, premiers initiateurs de cette comp\u00e9tition. La course suit un sentier naturel depuis le \u00ab Pratzey \u00bb \u00e0 840 m d\u2019altitude pour rejoindre le chalet du Cousimbert \u00e0 1572 m. Avec 733 m de d\u00e9nivel\u00e9 positif pour 3.3 km, c\u2019est \u00e0 chaque fois un vrai d\u00e9fi.<\/p>\r\n\r\n\r\n\r\n<p>D\u00e8s sa premi\u00e8re \u00e9dition en 2016, la course a convaincu par son aspect convivial et sportif. La mont\u00e9e est suivie d\u2019un repas au chalet du Cousimbert o\u00f9 populaires et comp\u00e9titeurs partagent un moment convivial dans cet endroit magnifique.<\/p>\r\n<p>&nbsp;<\/p>\r\n<p><a href=\"https:\/\/www.cousimbertical.ch\/wp-admin\/customize.php?url=https%3A%2F%2Fwww.cousimbertical.ch%2F%3Fpage_id%3D200\">R\u00e9sultats 2025<\/a><\/p>\r\n\r\n\r\n\r\n<p>&nbsp;<\/p>\r\n\r\n\r\n\r\n<p>&nbsp;<\/p>\r\n\r\n\r\n\r\n<p>&nbsp;<\/p>\r\n\r\n<p>&nbsp;<\/p>","protected":false},"excerpt":{"rendered":"<p>La Cousimbert\u2019ical est LA course \u00e0 pied verticale sur les flancs du Cousimbert (sommet des Pr\u00e9alpes fribourgeoises). Son nom a \u00e9t\u00e9 donn\u00e9 par Edmond Kolly et Philippe Schuwey, premiers initiateurs de cette comp\u00e9tition. La course suit un sentier naturel depuis le \u00ab Pratzey \u00bb \u00e0 840 m d\u2019altitude pour rejoindre le chalet du Cousimbert \u00e0 &hellip; <\/p>\n<p class=\"link-more\"><a href=\"https:\/\/www.cousimbertical.ch\/\" class=\"more-link\">Continue reading<span class=\"screen-reader-text\"> &#8220;course&#8221;<\/span><\/a><\/p>\n","protected":false},"author":2,"featured_media":0,"parent":0,"menu_order":0,"comment_status":"closed","ping_status":"open","template":"","meta":{"ngg_post_thumbnail":0,"footnotes":""},"class_list":["post-15","page","type-page","status-publish","hentry"],"_links":{"self":[{"href":"https:\/\/www.cousimbertical.ch\/index.php?rest_route=\/wp\/v2\/pages\/15","targetHints":{"allow":["GET"]}}],"collection":[{"href":"https:\/\/www.cousimbertical.ch\/index.php?rest_route=\/wp\/v2\/pages"}],"about":[{"href":"https:\/\/www.cousimbertical.ch\/index.php?rest_route=\/wp\/v2\/types\/page"}],"author":[{"embeddable":true,"href":"https:\/\/www.cousimbertical.ch\/index.php?rest_route=\/wp\/v2\/users\/2"}],"replies":[{"embeddable":true,"href":"https:\/\/www.cousimbertical.ch\/index.php?rest_route=%2Fwp%2Fv2%2Fcomments&post=15"}],"version-history":[{"count":37,"href":"https:\/\/www.cousimbertical.ch\/index.php?rest_route=\/wp\/v2\/pages\/15\/revisions"}],"predecessor-version":[{"id":8175,"href":"https:\/\/www.cousimbertical.ch\/index.php?rest_route=\/wp\/v2\/pages\/15\/revisions\/8175"}],"wp:attachment":[{"href":"https:\/\/www.cousimbertical.ch\/index.php?rest_route=%2Fwp%2Fv2%2Fmedia&parent=15"}],"curies":[{"name":"wp","href":"https:\/\/api.w.org\/{rel}","templated":true}]}}

<p>La Cousimbert’ical est LA course à pied verticale sur les flancs du Cousimbert (sommet des Préalpes fribourgeoises).</p>



<p>Son nom a été donné par Edmond Kolly et Philippe Schuwey, premiers initiateurs de cette compétition. La course suit un sentier naturel depuis le « Pratzey » à 840 m d’altitude pour rejoindre le chalet du Cousimbert à 1572 m. Avec 733 m de dénivelé positif pour 3.3 km, c’est à chaque fois un vrai défi.</p>



<p>Dès sa première édition en 2016, la course a convaincu par son aspect convivial et sportif. La montée est suivie d’un repas au chalet du Cousimbert où populaires et compétiteurs partagent un moment convivial dans cet endroit magnifique.</p>
<p>&nbsp;</p>
<p><a href="https://www.cousimbertical.ch/wp-admin/customize.php?url=https%3A%2F%2Fwww.cousimbertical.ch%2F%3Fpage_id%3D200">Résultats 2025</a></p>



<p>&nbsp;</p>



<p>&nbsp;</p>



<p>&nbsp;</p>

<p>&nbsp;</p>

<p>La Cousimbert’ical est LA course à pied verticale sur les flancs du Cousimbert (sommet des Préalpes fribourgeoises). Son nom a été donné par Edmond Kolly et Philippe Schuwey, premiers initiateurs de cette compétition. La course suit un sentier naturel depuis le « Pratzey » à 840 m d’altitude pour rejoindre le chalet du Cousimbert à &hellip; </p>
<p class="link-more"><a href="https://www.cousimbertical.ch/" class="more-link">Continue reading<span class="screen-reader-text"> &#8220;course&#8221;</span></a></p>
